{"id":65,"date":"2023-12-02T23:05:44","date_gmt":"2023-12-02T22:05:44","guid":{"rendered":"https:\/\/wls.malo.wf\/?page_id=65"},"modified":"2023-12-07T10:19:58","modified_gmt":"2023-12-07T09:19:58","slug":"team","status":"publish","type":"page","link":"https:\/\/wls.malo.wf\/index.php\/team\/","title":{"rendered":"TEAM"},"content":{"rendered":"\n<div class=\"wp-block-columns is-layout-flex wp-container-core-columns-is-layout-28f84493 wp-block-columns-is-layout-flex\">\n<div class=\"wp-block-column is-layout-flow wp-block-column-is-layout-flow\" style=\"flex-basis:100%\">\n<figure class=\"wp-block-image is-resized\"><img loading=\"lazy\" decoding=\"async\" width=\"944\" height=\"1024\" src=\"https:\/\/wls.malo.wf\/wp-content\/uploads\/2023\/12\/image.jpeg\" alt=\"L\u2019attribut alt de cette image est vide, son nom de fichier est IMG_00A436C9A3FC-1-944x1024.jpg.\" class=\"wp-image-71\" style=\"width:164px;height:auto\" srcset=\"https:\/\/wls.malo.wf\/wp-content\/uploads\/2023\/12\/image.jpeg 944w, https:\/\/wls.malo.wf\/wp-content\/uploads\/2023\/12\/image-277x300.jpeg 277w, https:\/\/wls.malo.wf\/wp-content\/uploads\/2023\/12\/image-768x833.jpeg 768w\" sizes=\"auto, (max-width: 944px) 100vw, 944px\" \/><\/figure>\n\n\n\n<p><strong>Cedric tuani combes <\/strong>:p\u00eacheur professionnel , fondateur de la soci\u00e9t\u00e9 de p\u00eache Le Silo\u00e9 et co-fondateur du club de Rame Hauhaulele. C\u00e9dric est un passionn\u00e9 de la mer qui s\u2018investit pour son territoire . P\u00eacheur professionnel depuis 2020, il poss\u00e8de l\u2018un des plus gros bateaux de p\u00eache du territoire . Il fait partie de ceux qui s\u2018aventurent le plus loin des c\u00f4tes de Wallis pour pratiquer la p\u00eache hauturi\u00e8re . Passionn\u00e9 de rame et comp\u00e9titeur chevronn\u00e9 (championnat du monde de Va\u2018a Samoa 2023 ) iIl connait parfaitement la partie nord du lagon et poss\u00e8de une exp\u00e9rience du large . C\u00e9dric est r\u00e9guli\u00e8rement appel\u00e9 par les p\u00eacheurs ou la gendarmerie pour participer aux op\u00e9rations de secours dans et hors du lagon.<\/p>\n<\/div>\n<\/div>\n\n\n\n<div class=\"wp-block-columns is-layout-flex wp-container-core-columns-is-layout-28f84493 wp-block-columns-is-layout-flex\">\n<div class=\"wp-block-column is-layout-flow wp-block-column-is-layout-flow\">\n<figure class=\"wp-block-image size-large\"><img loading=\"lazy\" decoding=\"async\" width=\"1024\" height=\"683\" src=\"https:\/\/wls.malo.wf\/wp-content\/uploads\/2023\/12\/DSC01314_\u00a9Marine-Reveilhac_HD-1-1024x683.jpg\" alt=\"\" class=\"wp-image-66\" srcset=\"https:\/\/wls.malo.wf\/wp-content\/uploads\/2023\/12\/DSC01314_\u00a9Marine-Reveilhac_HD-1-1024x683.jpg 1024w, https:\/\/wls.malo.wf\/wp-content\/uploads\/2023\/12\/DSC01314_\u00a9Marine-Reveilhac_HD-1-300x200.jpg 300w, https:\/\/wls.malo.wf\/wp-content\/uploads\/2023\/12\/DSC01314_\u00a9Marine-Reveilhac_HD-1-768x512.jpg 768w, https:\/\/wls.malo.wf\/wp-content\/uploads\/2023\/12\/DSC01314_\u00a9Marine-Reveilhac_HD-1-1536x1024.jpg 1536w, https:\/\/wls.malo.wf\/wp-content\/uploads\/2023\/12\/DSC01314_\u00a9Marine-Reveilhac_HD-1-2048x1365.jpg 2048w\" sizes=\"auto, (max-width: 1024px) 100vw, 1024px\" \/><\/figure>\n<\/div>\n\n\n\n<div class=\"wp-block-column is-layout-flow wp-block-column-is-layout-flow\"><\/div>\n<\/div>\n\n\n\n<p><strong>Suliano Takatai <\/strong>: Enfant de la mer et amoureux de sports de voiles et  un des deux seuls windsurfeurs de Wallis . Il est le directeur de l\u2019association Vakala.Il est titulaire d\u2019un BPGEPS voile et encadre toute l\u2019ann\u00e9e les enfants du f\u00e9nua. Il a \u00e9galement particip\u00e9 \u00e0 l&rsquo;organisation et la s\u00e9curisation des trois \u00e9ditions de la Manatai. Il Une exp\u00e9rience solide de notre lagon et pilier fondateur de poids pour l\u2019association .<\/p>\n\n\n\n<div class=\"wp-block-columns is-layout-flex wp-container-core-columns-is-layout-28f84493 wp-block-columns-is-layout-flex\">\n<div class=\"wp-block-column is-layout-flow wp-block-column-is-layout-flow\">\n<figure class=\"wp-block-image size-large is-resized\"><img loading=\"lazy\" decoding=\"async\" width=\"1024\" height=\"683\" src=\"https:\/\/wls.malo.wf\/wp-content\/uploads\/2023\/12\/DSC03527_\u00a9Marine-Reveilhac_HD-2-1024x683.jpg\" alt=\"\" class=\"wp-image-68\" style=\"width:220px;height:auto\" srcset=\"https:\/\/wls.malo.wf\/wp-content\/uploads\/2023\/12\/DSC03527_\u00a9Marine-Reveilhac_HD-2-1024x683.jpg 1024w, https:\/\/wls.malo.wf\/wp-content\/uploads\/2023\/12\/DSC03527_\u00a9Marine-Reveilhac_HD-2-300x200.jpg 300w, https:\/\/wls.malo.wf\/wp-content\/uploads\/2023\/12\/DSC03527_\u00a9Marine-Reveilhac_HD-2-768x512.jpg 768w, https:\/\/wls.malo.wf\/wp-content\/uploads\/2023\/12\/DSC03527_\u00a9Marine-Reveilhac_HD-2-1536x1024.jpg 1536w, https:\/\/wls.malo.wf\/wp-content\/uploads\/2023\/12\/DSC03527_\u00a9Marine-Reveilhac_HD-2-2048x1366.jpg 2048w\" sizes=\"auto, (max-width: 1024px) 100vw, 1024px\" \/><\/figure>\n<\/div>\n\n\n\n<div class=\"wp-block-column is-layout-flow wp-block-column-is-layout-flow\">\n<figure class=\"wp-block-image size-full is-resized\"><img loading=\"lazy\" decoding=\"async\" width=\"960\" height=\"960\" src=\"https:\/\/wls.malo.wf\/wp-content\/uploads\/2023\/12\/image-1.png\" alt=\"\" class=\"wp-image-69\" style=\"width:194px;height:auto\" srcset=\"https:\/\/wls.malo.wf\/wp-content\/uploads\/2023\/12\/image-1.png 960w, https:\/\/wls.malo.wf\/wp-content\/uploads\/2023\/12\/image-1-300x300.png 300w, https:\/\/wls.malo.wf\/wp-content\/uploads\/2023\/12\/image-1-150x150.png 150w, https:\/\/wls.malo.wf\/wp-content\/uploads\/2023\/12\/image-1-768x768.png 768w\" sizes=\"auto, (max-width: 960px) 100vw, 960px\" \/><\/figure>\n<\/div>\n\n\n\n<div class=\"wp-block-column is-layout-flow wp-block-column-is-layout-flow\">\n<figure class=\"wp-block-image size-large\"><img loading=\"lazy\" decoding=\"async\" width=\"689\" height=\"1024\" src=\"https:\/\/wls.malo.wf\/wp-content\/uploads\/2023\/12\/Affiche-manatai-2023-1-689x1024.jpg\" alt=\"\" class=\"wp-image-70\" srcset=\"https:\/\/wls.malo.wf\/wp-content\/uploads\/2023\/12\/Affiche-manatai-2023-1-689x1024.jpg 689w, https:\/\/wls.malo.wf\/wp-content\/uploads\/2023\/12\/Affiche-manatai-2023-1-202x300.jpg 202w, https:\/\/wls.malo.wf\/wp-content\/uploads\/2023\/12\/Affiche-manatai-2023-1-768x1142.jpg 768w, https:\/\/wls.malo.wf\/wp-content\/uploads\/2023\/12\/Affiche-manatai-2023-1-1033x1536.jpg 1033w, https:\/\/wls.malo.wf\/wp-content\/uploads\/2023\/12\/Affiche-manatai-2023-1.jpg 1377w\" sizes=\"auto, (max-width: 689px) 100vw, 689px\" \/><\/figure>\n<\/div>\n<\/div>\n\n\n\n<p><strong>Ben Negraz<\/strong> : Fondateur des associations Wallis gliss  ,Wallis Kite Academy ( \u00e9cole de kitesurf pour les enfants) et de la Manatai (Evenement multisports nautiques international) . Le plus important \u00e0 ses yeux est le partage et la transmission pour rendre cette discipline accessible au plus grand nombre et plus particuli\u00e8rement aux jeunes du Territoire.<\/p>\n\n\n\n<p>Partageant son temps entre sa passion pour la mer et son m\u00e9tier de professeur au lyc\u00e9e de Mata-Utu, ses valeurs de partage et de transmission sont le fil rouge de son activit\u00e9. Ben et la Wallis Kite Academy font \u00e9galement partie du projet DAN.<\/p>\n\n\n\n<p>La WLS est la concr\u00e9tisation d\u2019un projet qui lui tient \u00e0 c\u0153ur de longue date.<\/p>\n\n\n\n<figure class=\"wp-block-image size-full\"><img loading=\"lazy\" decoding=\"async\" width=\"282\" height=\"188\" src=\"https:\/\/wls.malo.wf\/wp-content\/uploads\/2023\/12\/Rencontre-avec-le-responsable-de-Wallis-radio_large.jpeg\" alt=\"\" class=\"wp-image-115\"\/><\/figure>\n\n\n\n<p><strong>Michel Soula<\/strong><strong>: Fondateur de Wallis Radio et veilleur Radio Maritime de Wallis<\/strong> :<\/p>\n\n\n\n<p>P\u00eacheur exp\u00e9riment\u00e9 , Michel Soula est La voix et l&rsquo;oreille de Wallis Radio, il assure une veille radio et AIS permanente autour du territoire de Wallis et Futuna . Il est la m\u00e9moire des exp\u00e9rience pass\u00e9es d\u2019intervention en mer \u00e0 Wallis. Michel Soula et Wallis Radio sont des atouts pr\u00e9cieux pour la s\u00e9curisation du lagon d\u2019Uv\u00e9a.<\/p>\n\n\n\n<figure class=\"wp-block-image size-full\"><img loading=\"lazy\" decoding=\"async\" width=\"624\" height=\"234\" src=\"https:\/\/wls.malo.wf\/wp-content\/uploads\/2023\/12\/Capture-decran-2023-12-06-a-15.24.47.png\" alt=\"\" class=\"wp-image-117\" srcset=\"https:\/\/wls.malo.wf\/wp-content\/uploads\/2023\/12\/Capture-decran-2023-12-06-a-15.24.47.png 624w, https:\/\/wls.malo.wf\/wp-content\/uploads\/2023\/12\/Capture-decran-2023-12-06-a-15.24.47-300x113.png 300w\" sizes=\"auto, (max-width: 624px) 100vw, 624px\" \/><\/figure>\n","protected":false},"excerpt":{"rendered":"<p>Cedric tuani combes :p\u00eacheur professionnel , fondateur de la soci\u00e9t\u00e9 de p\u00eache Le Silo\u00e9 et co-fondateur du club de Rame Hauhaulele. C\u00e9dric est un passionn\u00e9 de la mer qui s\u2018investit pour son territoire . P\u00eacheur professionnel depuis 2020, il poss\u00e8de l\u2018un des plus gros bateaux de p\u00eache du territoire . Il fait partie de ceux [&hellip;]<\/p>\n","protected":false},"author":1,"featured_media":0,"parent":0,"menu_order":0,"comment_status":"closed","ping_status":"closed","template":"","meta":{"footnotes":""},"class_list":["post-65","page","type-page","status-publish","hentry"],"_links":{"self":[{"href":"https:\/\/wls.malo.wf\/index.php\/wp-json\/wp\/v2\/pages\/65","targetHints":{"allow":["GET"]}}],"collection":[{"href":"https:\/\/wls.malo.wf\/index.php\/wp-json\/wp\/v2\/pages"}],"about":[{"href":"https:\/\/wls.malo.wf\/index.php\/wp-json\/wp\/v2\/types\/page"}],"author":[{"embeddable":true,"href":"https:\/\/wls.malo.wf\/index.php\/wp-json\/wp\/v2\/users\/1"}],"replies":[{"embeddable":true,"href":"https:\/\/wls.malo.wf\/index.php\/wp-json\/wp\/v2\/comments?post=65"}],"version-history":[{"count":4,"href":"https:\/\/wls.malo.wf\/index.php\/wp-json\/wp\/v2\/pages\/65\/revisions"}],"predecessor-version":[{"id":146,"href":"https:\/\/wls.malo.wf\/index.php\/wp-json\/wp\/v2\/pages\/65\/revisions\/146"}],"wp:attachment":[{"href":"https:\/\/wls.malo.wf\/index.php\/wp-json\/wp\/v2\/media?parent=65"}],"curies":[{"name":"wp","href":"https:\/\/api.w.org\/{rel}","templated":true}]}}

<div class="wp-block-columns is-layout-flex wp-container-core-columns-is-layout-28f84493 wp-block-columns-is-layout-flex">
<div class="wp-block-column is-layout-flow wp-block-column-is-layout-flow" style="flex-basis:100%">
<figure class="wp-block-image is-resized"><img loading="lazy" decoding="async" width="944" height="1024" src="https://wls.malo.wf/wp-content/uploads/2023/12/image.jpeg" alt="L’attribut alt de cette image est vide, son nom de fichier est IMG_00A436C9A3FC-1-944x1024.jpg." class="wp-image-71" style="width:164px;height:auto" srcset="https://wls.malo.wf/wp-content/uploads/2023/12/image.jpeg 944w, https://wls.malo.wf/wp-content/uploads/2023/12/image-277x300.jpeg 277w, https://wls.malo.wf/wp-content/uploads/2023/12/image-768x833.jpeg 768w" sizes="auto, (max-width: 944px) 100vw, 944px" /></figure>



<p><strong>Cedric tuani combes </strong>:pêcheur professionnel , fondateur de la société de pêche Le Siloé et co-fondateur du club de Rame Hauhaulele. Cédric est un passionné de la mer qui s‘investit pour son territoire . Pêcheur professionnel depuis 2020, il possède l‘un des plus gros bateaux de pêche du territoire . Il fait partie de ceux qui s‘aventurent le plus loin des côtes de Wallis pour pratiquer la pêche hauturière . Passionné de rame et compétiteur chevronné (championnat du monde de Va‘a Samoa 2023 ) iIl connait parfaitement la partie nord du lagon et possède une expérience du large . Cédric est régulièrement appelé par les pêcheurs ou la gendarmerie pour participer aux opérations de secours dans et hors du lagon.</p>
</div>
</div>



<div class="wp-block-columns is-layout-flex wp-container-core-columns-is-layout-28f84493 wp-block-columns-is-layout-flex">
<div class="wp-block-column is-layout-flow wp-block-column-is-layout-flow">
<figure class="wp-block-image size-large"><img loading="lazy" decoding="async" width="1024" height="683" src="https://wls.malo.wf/wp-content/uploads/2023/12/DSC01314_©Marine-Reveilhac_HD-1-1024x683.jpg" alt="" class="wp-image-66" srcset="https://wls.malo.wf/wp-content/uploads/2023/12/DSC01314_©Marine-Reveilhac_HD-1-1024x683.jpg 1024w, https://wls.malo.wf/wp-content/uploads/2023/12/DSC01314_©Marine-Reveilhac_HD-1-300x200.jpg 300w, https://wls.malo.wf/wp-content/uploads/2023/12/DSC01314_©Marine-Reveilhac_HD-1-768x512.jpg 768w, https://wls.malo.wf/wp-content/uploads/2023/12/DSC01314_©Marine-Reveilhac_HD-1-1536x1024.jpg 1536w, https://wls.malo.wf/wp-content/uploads/2023/12/DSC01314_©Marine-Reveilhac_HD-1-2048x1365.jpg 2048w" sizes="auto, (max-width: 1024px) 100vw, 1024px" /></figure>
</div>



<div class="wp-block-column is-layout-flow wp-block-column-is-layout-flow"></div>
</div>



<p><strong>Suliano Takatai </strong>: Enfant de la mer et amoureux de sports de voiles et  un des deux seuls windsurfeurs de Wallis . Il est le directeur de l’association Vakala.Il est titulaire d’un BPGEPS voile et encadre toute l’année les enfants du fénua. Il a également participé à l&rsquo;organisation et la sécurisation des trois éditions de la Manatai. Il Une expérience solide de notre lagon et pilier fondateur de poids pour l’association .</p>



<div class="wp-block-columns is-layout-flex wp-container-core-columns-is-layout-28f84493 wp-block-columns-is-layout-flex">
<div class="wp-block-column is-layout-flow wp-block-column-is-layout-flow">
<figure class="wp-block-image size-large is-resized"><img loading="lazy" decoding="async" width="1024" height="683" src="https://wls.malo.wf/wp-content/uploads/2023/12/DSC03527_©Marine-Reveilhac_HD-2-1024x683.jpg" alt="" class="wp-image-68" style="width:220px;height:auto" srcset="https://wls.malo.wf/wp-content/uploads/2023/12/DSC03527_©Marine-Reveilhac_HD-2-1024x683.jpg 1024w, https://wls.malo.wf/wp-content/uploads/2023/12/DSC03527_©Marine-Reveilhac_HD-2-300x200.jpg 300w, https://wls.malo.wf/wp-content/uploads/2023/12/DSC03527_©Marine-Reveilhac_HD-2-768x512.jpg 768w, https://wls.malo.wf/wp-content/uploads/2023/12/DSC03527_©Marine-Reveilhac_HD-2-1536x1024.jpg 1536w, https://wls.malo.wf/wp-content/uploads/2023/12/DSC03527_©Marine-Reveilhac_HD-2-2048x1366.jpg 2048w" sizes="auto, (max-width: 1024px) 100vw, 1024px" /></figure>
</div>



<div class="wp-block-column is-layout-flow wp-block-column-is-layout-flow">
<figure class="wp-block-image size-full is-resized"><img loading="lazy" decoding="async" width="960" height="960" src="https://wls.malo.wf/wp-content/uploads/2023/12/image-1.png" alt="" class="wp-image-69" style="width:194px;height:auto" srcset="https://wls.malo.wf/wp-content/uploads/2023/12/image-1.png 960w, https://wls.malo.wf/wp-content/uploads/2023/12/image-1-300x300.png 300w, https://wls.malo.wf/wp-content/uploads/2023/12/image-1-150x150.png 150w, https://wls.malo.wf/wp-content/uploads/2023/12/image-1-768x768.png 768w" sizes="auto, (max-width: 960px) 100vw, 960px" /></figure>
</div>



<div class="wp-block-column is-layout-flow wp-block-column-is-layout-flow">
<figure class="wp-block-image size-large"><img loading="lazy" decoding="async" width="689" height="1024" src="https://wls.malo.wf/wp-content/uploads/2023/12/Affiche-manatai-2023-1-689x1024.jpg" alt="" class="wp-image-70" srcset="https://wls.malo.wf/wp-content/uploads/2023/12/Affiche-manatai-2023-1-689x1024.jpg 689w, https://wls.malo.wf/wp-content/uploads/2023/12/Affiche-manatai-2023-1-202x300.jpg 202w, https://wls.malo.wf/wp-content/uploads/2023/12/Affiche-manatai-2023-1-768x1142.jpg 768w, https://wls.malo.wf/wp-content/uploads/2023/12/Affiche-manatai-2023-1-1033x1536.jpg 1033w, https://wls.malo.wf/wp-content/uploads/2023/12/Affiche-manatai-2023-1.jpg 1377w" sizes="auto, (max-width: 689px) 100vw, 689px" /></figure>
</div>
</div>



<p><strong>Ben Negraz</strong> : Fondateur des associations Wallis gliss  ,Wallis Kite Academy ( école de kitesurf pour les enfants) et de la Manatai (Evenement multisports nautiques international) . Le plus important à ses yeux est le partage et la transmission pour rendre cette discipline accessible au plus grand nombre et plus particulièrement aux jeunes du Territoire.</p>



<p>Partageant son temps entre sa passion pour la mer et son métier de professeur au lycée de Mata-Utu, ses valeurs de partage et de transmission sont le fil rouge de son activité. Ben et la Wallis Kite Academy font également partie du projet DAN.</p>



<p>La WLS est la concrétisation d’un projet qui lui tient à cœur de longue date.</p>



<figure class="wp-block-image size-full"><img loading="lazy" decoding="async" width="282" height="188" src="https://wls.malo.wf/wp-content/uploads/2023/12/Rencontre-avec-le-responsable-de-Wallis-radio_large.jpeg" alt="" class="wp-image-115"/></figure>



<p><strong>Michel Soula</strong><strong>: Fondateur de Wallis Radio et veilleur Radio Maritime de Wallis</strong> :</p>



<p>Pêcheur expérimenté , Michel Soula est La voix et l&rsquo;oreille de Wallis Radio, il assure une veille radio et AIS permanente autour du territoire de Wallis et Futuna . Il est la mémoire des expérience passées d’intervention en mer à Wallis. Michel Soula et Wallis Radio sont des atouts précieux pour la sécurisation du lagon d’Uvéa.</p>



<figure class="wp-block-image size-full"><img loading="lazy" decoding="async" width="624" height="234" src="https://wls.malo.wf/wp-content/uploads/2023/12/Capture-decran-2023-12-06-a-15.24.47.png" alt="" class="wp-image-117" srcset="https://wls.malo.wf/wp-content/uploads/2023/12/Capture-decran-2023-12-06-a-15.24.47.png 624w, https://wls.malo.wf/wp-content/uploads/2023/12/Capture-decran-2023-12-06-a-15.24.47-300x113.png 300w" sizes="auto, (max-width: 624px) 100vw, 624px" /></figure>

<p>Cedric tuani combes :pêcheur professionnel , fondateur de la société de pêche Le Siloé et co-fondateur du club de Rame Hauhaulele. Cédric est un passionné de la mer qui s‘investit pour son territoire . Pêcheur professionnel depuis 2020, il possède l‘un des plus gros bateaux de pêche du territoire . Il fait partie de ceux [&hellip;]</p>
