{"id":45,"date":"2023-12-02T22:24:48","date_gmt":"2023-12-02T21:24:48","guid":{"rendered":"https:\/\/wls.malo.wf\/?page_id=45"},"modified":"2023-12-07T10:20:56","modified_gmt":"2023-12-07T09:20:56","slug":"contactez-nous","status":"publish","type":"page","link":"https:\/\/wls.malo.wf\/index.php\/contactez-nous\/","title":{"rendered":"Contactez nous"},"content":{"rendered":"\n<p>Si vous \u00eates int\u00e9ress\u00e9 pour venir vous investir avec nous dans la s\u00e9curisation du lagon de Wallis contactez nous par mail <\/p>\n\n\n\n<p>wallislagonsecurite@gmail.com<\/p>\n\n\n\n<p>ou par t\u00e9l\u00e9phone au + 681 82 16 97<\/p>\n\n\n\n<p class=\"has-text-align-right\"><em> WLS Team<\/em><\/p>\n\n\n\n<figure class=\"wp-block-image aligncenter size-full\"><img loading=\"lazy\" decoding=\"async\" width=\"284\" height=\"274\" src=\"https:\/\/wls.malo.wf\/wp-content\/uploads\/2023\/12\/logo-wls3-e1701551803462.png\" alt=\"\" class=\"wp-image-41\"\/><\/figure>\n","protected":false},"excerpt":{"rendered":"<p>Si vous \u00eates int\u00e9ress\u00e9 pour venir vous investir avec nous dans la s\u00e9curisation du lagon de Wallis contactez nous par mail wallislagonsecurite@gmail.com ou par t\u00e9l\u00e9phone au + 681 82 16 97 WLS Team<\/p>\n","protected":false},"author":1,"featured_media":0,"parent":0,"menu_order":0,"comment_status":"closed","ping_status":"closed","template":"","meta":{"footnotes":""},"class_list":["post-45","page","type-page","status-publish","hentry"],"_links":{"self":[{"href":"https:\/\/wls.malo.wf\/index.php\/wp-json\/wp\/v2\/pages\/45","targetHints":{"allow":["GET"]}}],"collection":[{"href":"https:\/\/wls.malo.wf\/index.php\/wp-json\/wp\/v2\/pages"}],"about":[{"href":"https:\/\/wls.malo.wf\/index.php\/wp-json\/wp\/v2\/types\/page"}],"author":[{"embeddable":true,"href":"https:\/\/wls.malo.wf\/index.php\/wp-json\/wp\/v2\/users\/1"}],"replies":[{"embeddable":true,"href":"https:\/\/wls.malo.wf\/index.php\/wp-json\/wp\/v2\/comments?post=45"}],"version-history":[{"count":3,"href":"https:\/\/wls.malo.wf\/index.php\/wp-json\/wp\/v2\/pages\/45\/revisions"}],"predecessor-version":[{"id":147,"href":"https:\/\/wls.malo.wf\/index.php\/wp-json\/wp\/v2\/pages\/45\/revisions\/147"}],"wp:attachment":[{"href":"https:\/\/wls.malo.wf\/index.php\/wp-json\/wp\/v2\/media?parent=45"}],"curies":[{"name":"wp","href":"https:\/\/api.w.org\/{rel}","templated":true}]}}