{"id":217,"date":"2026-04-19T02:41:09","date_gmt":"2026-04-19T00:41:09","guid":{"rendered":"https:\/\/wls.malo.wf\/?page_id=217"},"modified":"2026-04-19T06:06:57","modified_gmt":"2026-04-19T04:06:57","slug":"bilan-live","status":"publish","type":"page","link":"https:\/\/wls.malo.wf\/index.php\/bilan-live\/","title":{"rendered":"bilan live"},"content":{"rendered":"\n<div class=\"wls-app wls-bilan\">\n    <div class=\"wls-annees\">\n        <a href=\"?annee=2026\" class=\"wls-ya active\">2026<\/a>    <\/div>\n    <h2 class=\"wls-bt\">Bilan 2026 \u2014 Wallis Lagon S\u00e9curit\u00e9<\/h2>\n    <div class=\"wls-kpi-grid\">\n            <div class=\"wls-kpi\" style=\"border-top-color:#c0392b\">\n            <div class=\"wls-kv\">2<\/div>\n            <div class=\"wls-kl\">\ud83c\udd98\u2693 intervention<\/div>\n        <\/div>\n            <div class=\"wls-kpi\" style=\"border-top-color:#1a6e7e\">\n            <div class=\"wls-kv\">0<\/div>\n            <div class=\"wls-kl\">\ud83c\udfc6 s\u00e9curisation \u00e9v\u00e8nement<\/div>\n        <\/div>\n            <div class=\"wls-kpi\" style=\"border-top-color:#1a6e7e\">\n            <div class=\"wls-kv\">0<\/div>\n            <div class=\"wls-kl\">\u2693 exercice SAR<\/div>\n        <\/div>\n            <div class=\"wls-kpi\" style=\"border-top-color:#7d3c98\">\n            <div class=\"wls-kv\">0<\/div>\n            <div class=\"wls-kl\">\ud83d\udd27 maintenance<\/div>\n        <\/div>\n            <div class=\"wls-kpi\" style=\"border-top-color:#1a6e7e\">\n            <div class=\"wls-kv\">0<\/div>\n            <div class=\"wls-kl\"> logistique<\/div>\n        <\/div>\n            <div class=\"wls-kpi\" style=\"border-top-color:#1a7a4a\">\n            <div class=\"wls-kv\">24<\/div>\n            <div class=\"wls-kl\">\u23f1 Heures b\u00e9n\u00e9voles<\/div>\n        <\/div>\n        <div class=\"wls-kpi\" style=\"border-top-color:#6c3dbf\">\n            <div class=\"wls-kv\">2<\/div>\n            <div class=\"wls-kl\">\ud83e\uddd1\u200d\ud83e\uddba Personnes secourues<\/div>\n        <\/div>        <div class=\"wls-kpi\" style=\"border-top-color:#888\">\n            <div class=\"wls-kv\">50<\/div>\n            <div class=\"wls-kl\">\u26fd Litres essence<\/div>\n        <\/div>    <\/div>\n\n        <div class=\"wls-stitle\">\ud83d\udea4 Activit\u00e9 par moyen nautique<\/div>\n    <div class=\"wls-cards\">\n            <div class=\"wls-card\">\n            <div class=\"wls-ct\">\u26f5 SNS 607<\/div>\n            <div class=\"wls-cs\"><strong>2<\/strong> sortie(s)<\/div>\n            <div class=\"wls-cs\"><strong>6.0h<\/strong> en mer<\/div>\n            <div class=\"wls-cs\">\u26fd 50 L<\/div>        <\/div>\n            <div class=\"wls-card\">\n            <div class=\"wls-ct\">\ud83d\udea4 wls1<\/div>\n            <div class=\"wls-cs\"><strong>2<\/strong> sortie(s)<\/div>\n            <div class=\"wls-cs\"><strong>6.0h<\/strong> en mer<\/div>\n            <div class=\"wls-cs\">\u26fd 50 L<\/div>        <\/div>\n        <\/div>\n    \n        <div class=\"wls-stitle\">\ud83c\udfaf Profil des interventions<\/div>\n    <div class=\"wls-cards\">\n            <div class=\"wls-card\">\n            <div class=\"wls-ct\">\ud83c\udfa3 p\u00e9cheur<\/div>\n            <div class=\"wls-cs\"><strong>2<\/strong> intervention(s)<\/div>\n            <div class=\"wls-cs\"><strong>2<\/strong> personne(s)<\/div>        <\/div>\n        <\/div>\n    \n    <\/div>\n    \n\n\n\n<p><\/p>\n","protected":false},"excerpt":{"rendered":"","protected":false},"author":1,"featured_media":0,"parent":0,"menu_order":0,"comment_status":"closed","ping_status":"closed","template":"","meta":{"footnotes":""},"class_list":["post-217","page","type-page","status-publish","hentry"],"_links":{"self":[{"href":"https:\/\/wls.malo.wf\/index.php\/wp-json\/wp\/v2\/pages\/217","targetHints":{"allow":["GET"]}}],"collection":[{"href":"https:\/\/wls.malo.wf\/index.php\/wp-json\/wp\/v2\/pages"}],"about":[{"href":"https:\/\/wls.malo.wf\/index.php\/wp-json\/wp\/v2\/types\/page"}],"author":[{"embeddable":true,"href":"https:\/\/wls.malo.wf\/index.php\/wp-json\/wp\/v2\/users\/1"}],"replies":[{"embeddable":true,"href":"https:\/\/wls.malo.wf\/index.php\/wp-json\/wp\/v2\/comments?post=217"}],"version-history":[{"count":2,"href":"https:\/\/wls.malo.wf\/index.php\/wp-json\/wp\/v2\/pages\/217\/revisions"}],"predecessor-version":[{"id":222,"href":"https:\/\/wls.malo.wf\/index.php\/wp-json\/wp\/v2\/pages\/217\/revisions\/222"}],"wp:attachment":[{"href":"https:\/\/wls.malo.wf\/index.php\/wp-json\/wp\/v2\/media?parent=217"}],"curies":[{"name":"wp","href":"https:\/\/api.w.org\/{rel}","templated":true}]}}