{"id":16,"date":"2023-12-01T11:07:33","date_gmt":"2023-12-01T10:07:33","guid":{"rendered":"https:\/\/wls.malo.wf\/?page_id=16"},"modified":"2023-12-07T02:51:31","modified_gmt":"2023-12-07T01:51:31","slug":"planning","status":"publish","type":"page","link":"https:\/\/wls.malo.wf\/index.php\/planning\/","title":{"rendered":"Calendrier"},"content":{"rendered":"\n<p>La Wallis Lagon S\u00e9curit\u00e9 a \u00e9t\u00e9 cr\u00e9\u00e9e suite \u00e0 l&rsquo;initiative de Monsieur Blaise GOURTAY Prefet du territoire de Wallis et Futuna  et de monsieur Thomas Schneider Commandant de la Gendarmerie de Wallis et Futuna le 6 d\u00e9cembre par une \u00e9quipe passionn\u00e9s de la mer qui rassemble p\u00e9cheurs professionnels , le monde de la voile , du kitesurf et des \u00e9v\u00e8nements de sports nautiques .<\/p>\n\n\n\n<p>Voici le Planning pr\u00e9visionnel de mise en place des actions WLS  :<\/p>\n\n\n\n<p><strong>d\u00e9cembre \/ janvier 2023 :  Concertation ,\u00e9change, formation :<\/strong><\/p>\n\n\n\n<p>Echange avec les utilisateurs du territoire, les services exp\u00e9riment\u00e9s dans le domaine nautique et les professionnels du sauvetage en nouvelle cal\u00e9donie , m\u00e9tropole et Polyn\u00e9sie (SNSM, CROSS NC , JRCC et la f\u00e9d\u00e9ration tahitienne de sauvetage en mer .  .Formation aux proc\u00e9dures d&rsquo;intervention et de recherche. <\/p>\n\n\n\n<p> <\/p>\n\n\n\n<p><strong>F\u00e9vrier 2024 : Conception<\/strong> \/ formation patrouilleurs<\/p>\n\n\n\n<p>Conception des protocoles d&rsquo;interventions , conception des \u00e9quipes patrouilleurs et du calendrier d&rsquo;astreintes tournantes .<\/p>\n\n\n\n<p>Formations des patrouilleurs \u00e0 l&rsquo;utilisation du bateau et du mat\u00e9riel sp\u00e9cifique <\/p>\n\n\n\n<p><strong>Mars 2024 : Action <\/strong><\/p>\n\n\n\n<p>Samedi 2 mars 2024 Premi\u00e8re patrouille de surveillance et d\u00e9marrage des patrouilles hebdomadaires du lagon et des ext\u00e9rieurs de wallis<\/p>\n\n\n\n<p>D\u00e9marrage des astreintes tournantes <\/p>\n\n\n\n<p><strong>Avril 2024 : 1er exercice d&rsquo;entrainement :<\/strong><\/p>\n\n\n\n<p>simulation d&rsquo;intervention surprise  de jour   dans le lagon pour tester l&rsquo;efficacit\u00e9 de la proc\u00e9dure d&rsquo;intervention rapide <\/p>\n\n\n\n<p><strong>Mai 2024 : 2 eme exercice d&rsquo;entrainement<\/strong><\/p>\n\n\n\n<p>simulation  d&rsquo;intervention  surprise  de nuit dans le lagon pour tester l&rsquo;efficacit\u00e9 de la proc\u00e9dure d&rsquo;intervention rapide <\/p>\n\n\n\n<p><strong>Juin 2024 : 3 eme exercice d&rsquo;entrainement<\/strong><\/p>\n\n\n\n<p>simulation  d&rsquo;intervention  surprise \u00e0 l&rsquo; ext\u00e9rieur  du lagon pour tester l&rsquo;efficacit\u00e9 de la proc\u00e9dure d&rsquo;intervention rapide <\/p>\n\n\n\n<p><strong>Juillet 2024 : 4eme exercice d&rsquo;entrainement<\/strong>: Recherches coordonn\u00e9es d&rsquo;un corps dans le lagon <\/p>\n\n\n\n<p>simulation  de recherche d&rsquo;un corps dans le lagon pour s&rsquo;entrainer \u00e0 coordonner les diff\u00e9rentes forces nautiques du territoires et  l&rsquo;efficacit\u00e9 de la proc\u00e9dure de recherche <\/p>\n\n\n\n<p><strong>septembre 2024<\/strong> <strong>: 5 eme exercice d&rsquo;entrainement : <\/strong>Recherches coordonn\u00e9es \u00e0 l&rsquo;ext\u00e9rieur du lagon <\/p>\n\n\n\n<p>simulation  de recherche d&rsquo;un corps \u00e0 l&rsquo;ext\u00e9rieur du  lagon pour s&rsquo;entrainer \u00e0 coordonner les diff\u00e9rentes forces nautiques du territoires et  l&rsquo;efficacit\u00e9 de la proc\u00e9dure de recherche <\/p>\n\n\n\n<p>A partir de Mars 20234: <\/p>\n\n\n\n<p>Les usagers de la mer pourront consulter le planning des patrouilles pour savoir quand seront effectu\u00e9es les missions de surveillance du lagon . <\/p>\n\n\n\n<p>Voici un lien pour voir quand sont les patrouilles Wls sur le lagon :<\/p>\n\n\n\n<div class=\"wp-block-buttons is-layout-flex wp-block-buttons-is-layout-flex\">\n<div class=\"wp-block-button\"><a class=\"wp-block-button__link has-main-color has-tertiary-background-color has-text-color has-background has-link-color wp-element-button\" href=\"https:\/\/www.supersaas.fr\/schedule\/wls\/patrouilles_wls\" target=\"_blank\" rel=\"noreferrer noopener\">Planning de surveillance<\/a><\/div>\n<\/div>\n\n\n\n<p><\/p>\n\n\n\n<p>Chaque patrouille dure \u00e0 peu pr\u00e8s 4h et concerne le tour complet de l&rsquo;\u00eele . <\/p>\n\n\n\n<p>En cas de probl\u00e8mes contactez WLS directement sur le canal 16 ou via wallis radio <\/p>\n\n\n\n<p>Vous pouvez \u00e9galement contacter directement  le pilote . <\/p>\n","protected":false},"excerpt":{"rendered":"<p>La Wallis Lagon S\u00e9curit\u00e9 a \u00e9t\u00e9 cr\u00e9\u00e9e suite \u00e0 l&rsquo;initiative de Monsieur Blaise GOURTAY Prefet du territoire de Wallis et Futuna et de monsieur Thomas Schneider Commandant de la Gendarmerie de Wallis et Futuna le 6 d\u00e9cembre par une \u00e9quipe passionn\u00e9s de la mer qui rassemble p\u00e9cheurs professionnels , le monde de la voile , [&hellip;]<\/p>\n","protected":false},"author":1,"featured_media":0,"parent":0,"menu_order":0,"comment_status":"closed","ping_status":"closed","template":"","meta":{"footnotes":""},"class_list":["post-16","page","type-page","status-publish","hentry"],"_links":{"self":[{"href":"https:\/\/wls.malo.wf\/index.php\/wp-json\/wp\/v2\/pages\/16","targetHints":{"allow":["GET"]}}],"collection":[{"href":"https:\/\/wls.malo.wf\/index.php\/wp-json\/wp\/v2\/pages"}],"about":[{"href":"https:\/\/wls.malo.wf\/index.php\/wp-json\/wp\/v2\/types\/page"}],"author":[{"embeddable":true,"href":"https:\/\/wls.malo.wf\/index.php\/wp-json\/wp\/v2\/users\/1"}],"replies":[{"embeddable":true,"href":"https:\/\/wls.malo.wf\/index.php\/wp-json\/wp\/v2\/comments?post=16"}],"version-history":[{"count":6,"href":"https:\/\/wls.malo.wf\/index.php\/wp-json\/wp\/v2\/pages\/16\/revisions"}],"predecessor-version":[{"id":125,"href":"https:\/\/wls.malo.wf\/index.php\/wp-json\/wp\/v2\/pages\/16\/revisions\/125"}],"wp:attachment":[{"href":"https:\/\/wls.malo.wf\/index.php\/wp-json\/wp\/v2\/media?parent=16"}],"curies":[{"name":"wp","href":"https:\/\/api.w.org\/{rel}","templated":true}]}}

<p>La Wallis Lagon Sécurité a été créée suite à l&rsquo;initiative de Monsieur Blaise GOURTAY Prefet du territoire de Wallis et Futuna  et de monsieur Thomas Schneider Commandant de la Gendarmerie de Wallis et Futuna le 6 décembre par une équipe passionnés de la mer qui rassemble pécheurs professionnels , le monde de la voile , du kitesurf et des évènements de sports nautiques .</p>



<p>Voici le Planning prévisionnel de mise en place des actions WLS  :</p>



<p><strong>décembre / janvier 2023 :  Concertation ,échange, formation :</strong></p>



<p>Echange avec les utilisateurs du territoire, les services expérimentés dans le domaine nautique et les professionnels du sauvetage en nouvelle calédonie , métropole et Polynésie (SNSM, CROSS NC , JRCC et la fédération tahitienne de sauvetage en mer .  .Formation aux procédures d&rsquo;intervention et de recherche. </p>



<p> </p>



<p><strong>Février 2024 : Conception</strong> / formation patrouilleurs</p>



<p>Conception des protocoles d&rsquo;interventions , conception des équipes patrouilleurs et du calendrier d&rsquo;astreintes tournantes .</p>



<p>Formations des patrouilleurs à l&rsquo;utilisation du bateau et du matériel spécifique </p>



<p><strong>Mars 2024 : Action </strong></p>



<p>Samedi 2 mars 2024 Première patrouille de surveillance et démarrage des patrouilles hebdomadaires du lagon et des extérieurs de wallis</p>



<p>Démarrage des astreintes tournantes </p>



<p><strong>Avril 2024 : 1er exercice d&rsquo;entrainement :</strong></p>



<p>simulation d&rsquo;intervention surprise  de jour   dans le lagon pour tester l&rsquo;efficacité de la procédure d&rsquo;intervention rapide </p>



<p><strong>Mai 2024 : 2 eme exercice d&rsquo;entrainement</strong></p>



<p>simulation  d&rsquo;intervention  surprise  de nuit dans le lagon pour tester l&rsquo;efficacité de la procédure d&rsquo;intervention rapide </p>



<p><strong>Juin 2024 : 3 eme exercice d&rsquo;entrainement</strong></p>



<p>simulation  d&rsquo;intervention  surprise à l&rsquo; extérieur  du lagon pour tester l&rsquo;efficacité de la procédure d&rsquo;intervention rapide </p>



<p><strong>Juillet 2024 : 4eme exercice d&rsquo;entrainement</strong>: Recherches coordonnées d&rsquo;un corps dans le lagon </p>



<p>simulation  de recherche d&rsquo;un corps dans le lagon pour s&rsquo;entrainer à coordonner les différentes forces nautiques du territoires et  l&rsquo;efficacité de la procédure de recherche </p>



<p><strong>septembre 2024</strong> <strong>: 5 eme exercice d&rsquo;entrainement : </strong>Recherches coordonnées à l&rsquo;extérieur du lagon </p>



<p>simulation  de recherche d&rsquo;un corps à l&rsquo;extérieur du  lagon pour s&rsquo;entrainer à coordonner les différentes forces nautiques du territoires et  l&rsquo;efficacité de la procédure de recherche </p>



<p>A partir de Mars 20234: </p>



<p>Les usagers de la mer pourront consulter le planning des patrouilles pour savoir quand seront effectuées les missions de surveillance du lagon . </p>



<p>Voici un lien pour voir quand sont les patrouilles Wls sur le lagon :</p>



<div class="wp-block-buttons is-layout-flex wp-block-buttons-is-layout-flex">
<div class="wp-block-button"><a class="wp-block-button__link has-main-color has-tertiary-background-color has-text-color has-background has-link-color wp-element-button" href="https://www.supersaas.fr/schedule/wls/patrouilles_wls" target="_blank" rel="noreferrer noopener">Planning de surveillance</a></div>
</div>



<p></p>



<p>Chaque patrouille dure à peu près 4h et concerne le tour complet de l&rsquo;île . </p>



<p>En cas de problèmes contactez WLS directement sur le canal 16 ou via wallis radio </p>



<p>Vous pouvez également contacter directement  le pilote . </p>

<p>La Wallis Lagon Sécurité a été créée suite à l&rsquo;initiative de Monsieur Blaise GOURTAY Prefet du territoire de Wallis et Futuna et de monsieur Thomas Schneider Commandant de la Gendarmerie de Wallis et Futuna le 6 décembre par une équipe passionnés de la mer qui rassemble pécheurs professionnels , le monde de la voile , [&hellip;]</p>
