{"id":140,"date":"2023-12-07T10:08:22","date_gmt":"2023-12-07T09:08:22","guid":{"rendered":"https:\/\/wls.malo.wf\/?page_id=140"},"modified":"2023-12-12T08:31:00","modified_gmt":"2023-12-12T07:31:00","slug":"devenir-donateur","status":"publish","type":"page","link":"https:\/\/wls.malo.wf\/index.php\/devenir-donateur\/","title":{"rendered":"Devenir donateur"},"content":{"rendered":"\n<p>Nous lan\u00e7ons un appel urgent \u00e0 votre solidarit\u00e9 pour cr\u00e9er une structure d&rsquo;assistance et de secours en mer \u00e0 Wallis et Futuna. Pendant plus de trois d\u00e9cennies, l&rsquo;absence totale de telles structures a mis en p\u00e9ril la s\u00e9curit\u00e9 de nos eaux.<\/p>\n\n\n\n<p>L&rsquo;association Wallis Lagons S\u00e9curit\u00e9 s&rsquo;engage \u00e0 changer cette r\u00e9alit\u00e9, mais nous avons besoin de votre aide. Que vous soyez un passionn\u00e9 de la mer, un p\u00eacheur, un plaisancier, ou un professionnel du nautisme, votre soutien compte.<\/p>\n\n\n\n<p>Votre contribution permettra d&rsquo;acqu\u00e9rir des \u00e9quipements de sauvetage, de former des \u00e9quipes comp\u00e9tentes et de sensibiliser l&rsquo;ensemble des usagers du lagon. Chaque don, qu&rsquo;il provienne d&rsquo;un particulier, d&rsquo;un utilisateur de la mer, d&rsquo;un professionnel ou d&rsquo;une entreprise, contribue \u00e0 rendre nos eaux plus s\u00fbres.<\/p>\n\n\n\n<p>Faites un don <\/p>\n\n\n\n<p> Votre soutien fait la diff\u00e9rence.<\/p>\n\n\n\n<p>Ensemble pour une mer plus s\u00fbre<\/p>\n\n\n\n<p>Pour faire un Don et contribuer \u00e0 notre d\u00e9marche cliquer sur le bouton suivant:<\/p>\n\n\n\n<iframe id=\"haWidget\" allowtransparency=\"true\" src=\"https:\/\/www.helloasso.com\/associations\/wallis-lagon-securite\/collectes\/creation-wallis-lagon-securite\/widget-bouton\" style=\"width: 100%; height: 70px; border: none;\"><\/iframe>\n\n\n\n<iframe id=\"haWidget\" allowtransparency=\"true\" src=\"https:\/\/www.helloasso.com\/associations\/wallis-lagon-securite\/collectes\/creation-wallis-lagon-securite\/widget-compteur\" style=\"width: 350px; height: 450px; border: none;\"><\/iframe>\n\n\n\n<p>Pensez la modifier \u00e0 votre guise contribution \u00e0 helloasso qui n&rsquo;est pas obligatoire.<\/p>\n\n\n\n<p><a href=\"https:\/\/wls.malo.wf\/index.php\/contactez-nous\/\" data-type=\"page\" data-id=\"45\">Contactez-nous<\/a> pour plus d&rsquo;informations<\/p>\n\n\n\n<p><\/p>\n\n\n\n<figure class=\"wp-block-image aligncenter size-full\"><img loading=\"lazy\" decoding=\"async\" width=\"284\" height=\"274\" src=\"https:\/\/wls.malo.wf\/wp-content\/uploads\/2023\/12\/logo-wls3-e1701551803462.png\" alt=\"\" class=\"wp-image-41\"\/><\/figure>\n","protected":false},"excerpt":{"rendered":"<p>Nous lan\u00e7ons un appel urgent \u00e0 votre solidarit\u00e9 pour cr\u00e9er une structure d&rsquo;assistance et de secours en mer \u00e0 Wallis et Futuna. Pendant plus de trois d\u00e9cennies, l&rsquo;absence totale de telles structures a mis en p\u00e9ril la s\u00e9curit\u00e9 de nos eaux. L&rsquo;association Wallis Lagons S\u00e9curit\u00e9 s&rsquo;engage \u00e0 changer cette r\u00e9alit\u00e9, mais nous avons besoin de [&hellip;]<\/p>\n","protected":false},"author":1,"featured_media":0,"parent":0,"menu_order":0,"comment_status":"closed","ping_status":"closed","template":"","meta":{"footnotes":""},"class_list":["post-140","page","type-page","status-publish","hentry"],"_links":{"self":[{"href":"https:\/\/wls.malo.wf\/index.php\/wp-json\/wp\/v2\/pages\/140","targetHints":{"allow":["GET"]}}],"collection":[{"href":"https:\/\/wls.malo.wf\/index.php\/wp-json\/wp\/v2\/pages"}],"about":[{"href":"https:\/\/wls.malo.wf\/index.php\/wp-json\/wp\/v2\/types\/page"}],"author":[{"embeddable":true,"href":"https:\/\/wls.malo.wf\/index.php\/wp-json\/wp\/v2\/users\/1"}],"replies":[{"embeddable":true,"href":"https:\/\/wls.malo.wf\/index.php\/wp-json\/wp\/v2\/comments?post=140"}],"version-history":[{"count":7,"href":"https:\/\/wls.malo.wf\/index.php\/wp-json\/wp\/v2\/pages\/140\/revisions"}],"predecessor-version":[{"id":161,"href":"https:\/\/wls.malo.wf\/index.php\/wp-json\/wp\/v2\/pages\/140\/revisions\/161"}],"wp:attachment":[{"href":"https:\/\/wls.malo.wf\/index.php\/wp-json\/wp\/v2\/media?parent=140"}],"curies":[{"name":"wp","href":"https:\/\/api.w.org\/{rel}","templated":true}]}}