{"id":14,"date":"2023-12-01T11:00:48","date_gmt":"2023-12-01T10:00:48","guid":{"rendered":"https:\/\/wls.malo.wf\/?page_id=14"},"modified":"2023-12-07T04:50:56","modified_gmt":"2023-12-07T03:50:56","slug":"meteo-wallis","status":"publish","type":"page","link":"https:\/\/wls.malo.wf\/index.php\/meteo-wallis\/","title":{"rendered":"M\u00e9t\u00e9o wallis"},"content":{"rendered":"\n<p>Voici tout le n\u00e9c\u00e9ssaire pour connaitre la m\u00e9t\u00e9o sur le lagon de Wallis: <\/p>\n\n\n\n<script id=\"wg_fwdg_852274_3_1701427155196\">\n(function (window, document) {\n  var loader = function () {\n    var arg = [\"s=852274\" ,\"m=3\",\"uid=wg_fwdg_852274_3_1701427155196\" ,\"wj=knots\" ,\"tj=c\" ,\"waj=m\" ,\"tij=cm\" ,\"odh=0\" ,\"doh=24\" ,\"fhours=240\" ,\"hrsm=3\" ,\"vt=forecasts\" ,\"lng=fr\" ,\"p=WINDSPD,GUST,MWINDSPD,SMER,TCDC\"];\n    var script = document.createElement(\"script\");\n    var tag = document.getElementsByTagName(\"script\")[0];\n    script.src = \"https:\/\/www.windguru.cz\/js\/widget.php?\"+(arg.join(\"&\"));\n    tag.parentNode.insertBefore(script, tag);\n  };\n  window.addEventListener ? window.addEventListener(\"load\", loader, false) : window.attachEvent(\"onload\", loader);\n})(window, document);\n<\/script>\n\n\n\n<p>Avant de sortir : <\/p>\n\n\n\n<p>v\u00e9rifier toujours les mar\u00e9es (une navigation autour de la mar\u00e9e haute ( +\/- 2h00 ) est beaucoup moins risqu\u00e9e . <\/p>\n\n\n\n<p>ex : si la mar\u00e9e haute (PM) est \u00e0 11H40 je peux sortir en minimisant les risques de heurter les patates si je navigue entre 9h40 et 13h40.<\/p>\n\n\n\n<p><\/p>\n\n\n\n<p>V\u00e9rifier \u00e9galement les pr\u00e9cipitations et le vent pr\u00e9vus pour votre sortie . <\/p>\n\n\n\n<p>Remarque: En dehors de la saison des aliz\u00e9es (saison cyclonique d&rsquo;octobre \u00e0 mai), le vent peut monter violemment sous grain (averses tropicales) et changer totalement de direction. Les conditions de visibilit\u00e9 peuvent rapidement se d\u00e9grader .<\/p>\n\n\n\n<p>Il vaut toujours mieux rester \u00e0 l&rsquo;\u00eelot et attendre que les conditions s&rsquo;am\u00e9liorent que de partir sous un grain . <\/p>\n\n\n\n<p><br><\/p>\n\n\n\n<p>La prevision \u00e0 12 j <a href=\"https:\/\/www.windguru.cz\/376700\">windguru<\/a><\/p>\n\n\n\n<p>Le <a href=\"https:\/\/www.windguru.cz\/station\/1879\">live wind wallis gliss<\/a><\/p>\n\n\n\n<p>un autre tr\u00e8s bon site pour une vision globale des vents sur le pacifique :<\/p>\n\n\n\n<p><a href=\"http:\/\/earth.nullschool.net\/#current\/wind\/surface\/level\/orthographic=-156.25,-35.98,437\" target=\"_blank\" rel=\"noreferrer noopener\">earth.nullschool.net&nbsp;<\/a><\/p>\n\n\n\n<p>Les mar\u00e9es du SHOM<\/p>\n\n\n\n<script src=\"https:\/\/services.data.shom.fr\/hdm\/vignette\/grande\/WALLIS_MATA_UTU?locale=fr\"><\/script>\n","protected":false},"excerpt":{"rendered":"<p>Voici tout le n\u00e9c\u00e9ssaire pour connaitre la m\u00e9t\u00e9o sur le lagon de Wallis: Avant de sortir : v\u00e9rifier toujours les mar\u00e9es (une navigation autour de la mar\u00e9e haute ( +\/- 2h00 ) est beaucoup moins risqu\u00e9e . ex : si la mar\u00e9e haute (PM) est \u00e0 11H40 je peux sortir en minimisant les risques de [&hellip;]<\/p>\n","protected":false},"author":1,"featured_media":0,"parent":0,"menu_order":0,"comment_status":"closed","ping_status":"closed","template":"","meta":{"footnotes":""},"class_list":["post-14","page","type-page","status-publish","hentry"],"_links":{"self":[{"href":"https:\/\/wls.malo.wf\/index.php\/wp-json\/wp\/v2\/pages\/14","targetHints":{"allow":["GET"]}}],"collection":[{"href":"https:\/\/wls.malo.wf\/index.php\/wp-json\/wp\/v2\/pages"}],"about":[{"href":"https:\/\/wls.malo.wf\/index.php\/wp-json\/wp\/v2\/types\/page"}],"author":[{"embeddable":true,"href":"https:\/\/wls.malo.wf\/index.php\/wp-json\/wp\/v2\/users\/1"}],"replies":[{"embeddable":true,"href":"https:\/\/wls.malo.wf\/index.php\/wp-json\/wp\/v2\/comments?post=14"}],"version-history":[{"count":8,"href":"https:\/\/wls.malo.wf\/index.php\/wp-json\/wp\/v2\/pages\/14\/revisions"}],"predecessor-version":[{"id":135,"href":"https:\/\/wls.malo.wf\/index.php\/wp-json\/wp\/v2\/pages\/14\/revisions\/135"}],"wp:attachment":[{"href":"https:\/\/wls.malo.wf\/index.php\/wp-json\/wp\/v2\/media?parent=14"}],"curies":[{"name":"wp","href":"https:\/\/api.w.org\/{rel}","templated":true}]}}